4*m. What is the units digit of 2 + -2 + m + 1?
2
Let x(w) = -w**2 - 2*w - 3. Let d be x(4). Let f = 4 - d. What is the tens digit of f?
3
Suppose -k + 8 - 1 = 0. Suppose -31 = -x - 5*q, -3*x - 3*q + 38 = -k. What is the tens digit of x?
1
Let t(c) = -4*c**3 + 7*c**2 + 3*c. Let z(l) = -l**3 - l**2 + l. Let x(g) = t(g) - 3*z(g). Let p be x(10). Suppose 8 = q - p*q. What is the units digit of q?
8
Let p(x) = -x**2 - 15*x + 19. What is the tens digit of p(-15)?
1
Suppose 3*w = -3*u + 4*u - 59, 3*u + 3*w = 189. What is the units digit of u?
2
Let v(p) = -p**2 - 11*p - 14. Let x be v(-10). What is the tens digit of (-420)/(-16) + (-3)/x?
2
Let g(u) = -u**3 + 8*u**2 + 11. What is the units digit of g(6)?
3
Suppose -t + 3 = 2*z + 1, -2*z + 5*t - 10 = 0. Suppose -2*s - 2*s + 36 = z. What is the units digit of s?
9
Suppose -37 = -g + 3*x + 6, 5*g + 3*x = 125. Suppose -4*o + 2*o + g = 0. What is the tens digit of o?
1
Let z = 367 - 118. What is the units digit of z?
9
Let q(m) = 3*m**2 + 5*m - 8. What is the tens digit of q(4)?
6
Let i = -94 - -144. Suppose -4*v = -5*b - i - 10, 3*v - b = 45. Suppose 2*h + a - v = 0, 4*a = 4*h + a - 15. What is the units digit of h?
6
Let a = 6 + -5. Let j be ((-10)/6)/((-1)/3). Let m = a + j. What is the units digit of m?
6
Let n(w) be the first derivative of 2*w**3/3 - 2*w**2 - 2*w - 8. What is the tens digit of n(4)?
1
Suppose -4*j = -6 - 26. What is the units digit of j?
8
Let w(u) = 3*u + 32. What is the tens digit of w(0)?
3
Suppose 8*h - 3375 = -19*h. What is the tens digit of h?
2
Let c(l) = l**3 + 9*l**2 - 2*l + 1. What is the tens digit of c(-3)?
6
Let a(d) = d + 7. Let g be a(-5). What is the tens digit of 14 + (-3)/2*g?
1
Let q be (-1 + 3)/((-2)/(-40)). Suppose -f + 22 = 3*w - 18, -2*w = 4*f - q. What is the tens digit of w?
1
Suppose -n - 18 = 2*n. Let y be (2 - (-8)/n)*-9. Let g = 11 + y. What is the units digit of g?
5
Let g(c) = -c**3 + 14*c**2 - 12*c - 10. What is the units digit of g(13)?
3
Let q(z) = -2*z - 5. Let u be q(-7). Let c = -9 + u. Suppose -3*p + 51 - 12 = c. What is the tens digit of p?
1
Suppose 2*c + 127 = 4*y - 19, 2*y + 5*c = 55. What is the units digit of y?
5
Let r(b) = b**2 + b - 6. Let q be r(0). Let v = 4 + q. What is the units digit of (1 - -5) + (0 - v)?
8
Let d = -5 + -1. Let c(w) = -w**2 - 8*w - 1. What is the tens digit of c(d)?
1
Suppose 3*h = -u + 13, 0 = 2*u - 3*h + 1. Suppose u*n - 20 = -4. Suppose 5*t = 5*z + 115, -t + 4*t - 71 = n*z. What is the tens digit of t?
2
Let y(o) = -7*o + 7*o + 2 + o**2 - 1. What is the units digit of y(-2)?
5
Let w be 11/3 - 1/(-3). Suppose -w*l = -l - 21. What is the units digit of l?
7
Let s be ((-10)/(-4) - 2)*-8. Let y be s/6 - 460/(-15). Suppose 0 = 4*g - y + 6. What is the units digit of g?
6
Let u be -1 - (2 - 3)/1. Let f = u - -3. Suppose -3*v - f + 57 = 0. What is the tens digit of v?
1
Let w = 3 - -8. Let r(c) = c + 12. Let q be r(w). Suppose p + 3*p - 5*g = q, -p + 11 = 4*g. What is the units digit of p?
7
Let d(x) = 9*x - 10. What is the tens digit of d(5)?
3
Suppose 0 = 5*q + 4*v + v + 5, 5*q = -4*v. Suppose 0*t - 4 = 2*t, -2*c = q*t - 6. What is the units digit of c?
7
Suppose -l = 2*l + 3, 2*z - 3*l = 39. What is the units digit of z?
8
Suppose 66 + 54 = -5*c. What is the tens digit of 22/3*c/(-16)?
1
Suppose 0 = -4*t - 5*s + 132, s = -3*t + 5*t - 66. What is the tens digit of t?
3
Suppose -4*p + 4*u + 420 = 0, -p - 3*u + 517 = 4*p. What is the units digit of p?
4
Suppose -65 = -2*v + o - 4*o, 3*v - 4*o = 123. What is the tens digit of v?
3
Suppose 0 = z + z - 64. What is the units digit of z?
2
Let z = 497 - 242. What is the units digit of z?
5
Let k = 10 - 3. What is the units digit of k?
7
Let q = -13 + 22. What is the units digit of q?
9
Suppose 2*s = 23 - 7. Suppose 3*a + s = 17. Suppose a*k - 3 = 0, 3*k - 6 = -p + 1. What is the units digit of p?
4
Suppose -4*g = w - 23, 2*w + 2*w = -4*g + 56. Suppose 0 = -3*t + 7 + w. Suppose 10 = 4*i - t. What is the units digit of i?
4
Let b = -3 + 2. Let x(q) = -q**2 - 13*q + 16. Let w be x(-14). Let z = b + w. What is the units digit of z?
1
Suppose 14*y = 13*y + 189. What is the hundreds digit of y?
1
Suppose -4*q = -4*r + 416, -3*q - 328 = -3*r - 8*q. What is the tens digit of r?
0
Let a = 13 - 4. Suppose 2*x = -x + a. Suppose -18 = -4*l + x*f, -l + 8 = -0*l + f. What is the units digit of l?
6
Suppose f + 3*f - 2*x = 16, 5*x + 10 = -5*f. Suppose -i = -3*v - f*v + 50, -2*v = 5*i - 20. What is the tens digit of v?
1
Suppose -3*k - 2*s + 302 = 0, 3*k - 312 = 4*s - s. What is the units digit of k?
2
Let h(d) = -2*d**3 - 10*d**2 - 4*d**3 - d + 5 + 5 + 5*d**3. What is the units digit of h(-10)?
0
Let w(o) = o**2 - 3*o - 9. Let l(k) = k + 23. Let m be l(-16). What is the units digit of w(m)?
9
Let y be 9/((-54)/(-55) + -1). What is the units digit of y/(-27) - (-8)/(-6)?
7
Suppose 0 = 5*t - 6 - 4. What is the units digit of t?
2
What is the tens digit of (-2 - 55/5)*-1?
1
Suppose 10*u = 445 + 105. What is the units digit of u?
5
Suppose -o = -5*p - 9, -2*p = -2*o + 2*p + 42. What is the tens digit of (-6)/4 + o/2?
1
Suppose -12*f = -9*f - 318. What is the units digit of f?
6
Suppose 0 = -3*n - n + 112. Suppose n = 3*j - 29. What is the units digit of j?
9
Let r(w) be the first derivative of w**2 + 0 + 2 + 1. What is the units digit of r(2)?
4
Let f = -1 + 0. Let v(c) = 20*c**2 + 14. Let y(l) = -7*l**2 - 5. Let d(o) = 4*v(o) + 11*y(o). What is the units digit of d(f)?
4
Let j = 30 - 20. What is the units digit of j?
0
Let i = 33 - -11. Let o = i + -28. What is the tens digit of o?
1
Let f be (1/(-2))/(3/12). What is the units digit of f*(0 - (-7)/(-2))?
7
Let p(v) = 3*v - 8. Suppose 4*g + 45 = 5*s - g, -18 = -s + 4*g. What is the tens digit of p(s)?
1
What is the tens digit of 145 + 32/20*(-5)/(-2)?
4
Let i(m) = -m**3 + 5*m**2 + m - 2. Let d be i(5). Let c be (3/4)/(d/36). Let k = c - 4. What is the units digit of k?
5
Suppose -4*b = 5*r - 58, -2*r - 2*b = 2*r - 44. Suppose 8*p = r*p - 48. Suppose -3*y = -7*y + p. What is the units digit of y?
6
Let b = 10 + -2. Let p = b - -14. What is the units digit of p?
2
Suppose -o + 4 = 1. Let c be 3*(11/3 - o). Suppose 2*z - 48 = -c*z. What is the units digit of z?
2
Let q = -29 - -49. What is the units digit of q?
0
Let s be 256/24 + (-1)/(-3). Let x = s - -9. What is the units digit of x?
0
Let i be (-3 - (3 + -2)) + -2. Suppose l + 3*l - 36 = 0. Let a = l + i. What is the units digit of a?
3
Let v(p) = -p**3 - 6*p**2 - 5*p. Let z be v(-5). Suppose z = 2*c - 5*b - 89, -3*c = -c + 2*b - 96. What is the tens digit of c?
4
Let z(h) be the first derivative of 7*h**4/24 + h**3/6 + 3*h**2/2 - 3. Let r(k) be the second derivative of z(k). What is the units digit of r(1)?
8
Suppose -5*q + 3*f = 146, 2 = 4*f + 14. What is the units digit of -2*q/2*1?
1
Suppose -t = 3, 2*n = -t - 0*t - 1. Let v = 2 + n. What is the units digit of ((-20)/(-6))/(1/v)?
0
Suppose -182 + 434 = 4*d. What is the units digit of d?
3
Let y be 2*(1 - (-11)/1). Suppose 4*a - 32 = -3*x, -5*a + 10 + 15 = 0. What is the tens digit of x/6 + 248/y?
1
Let r = 70 - 42. What is the tens digit of r?
2
Let p = 31 + -82. Let w = -26 - p. Let q = w - 14. What is the tens digit of q?
1
Let t = 1 - -3. Suppose u - 1 - 9 = 0. Let o = u - t. What is the units digit of o?
6
Let l be (-2)/(-8) - (-46)/8. Let r = 12 + -8. What is the units digit of (2/l)/(r/12)?
1
Suppose -u + 26 = -25. What is the tens digit of u?
5
Let c be -18*(-1)/((-9)/(-6)). Suppose -2*w - c = 20. Let z = w - -23. What is the units digit of z?
7
Suppose 1440 = -0*q + 6*q. What is the units digit of q?
0
Suppose 0*l + 9 = -3*l. Let t = 3 + l. What is the units digit of (-2 - (t + 0))*-3?
6
Let o = -12 + 38. Suppose -2*c = -0 - 10. Suppose -q = -c*s + s - o, 2*q = -5*s - 13. What is the units digit of q?
6
Let v(m) = -m**2 - 12*m + 2. What is the tens digit of v(-9)?
2
Let d(t) = -t**3 - 6*t**2 - 7*t - 8. Suppose -o - 16 + 5 = -3*z, -3*o = z + 13. What is the units digit of d(o)?
2
Suppose 0 = -10*v + 5*v + 15. Suppose -v*r + 3 = 0, 3*c = 2*r + 4 + 3. What is the units digit of (c/2)/(-1)*-6?
9
What is the tens digit of 1*(2 + 161 + 0)?
6
Let n(w) = -w**3 + 12*w**2 - 9*w + 6. Let b be n(11). Suppose a + 5*q - b = 0, -a - 2*q +